 p = 32 - 29. Suppose -p*h - 32 = -7*h. Suppose 143 = 2*x + t, -h = 2*t - 2. What is the units digit of x?
3
Suppose 0 = -3*k - 4*p + 168, 45 = -5*k + p + 325. Let n = k - 6. Suppose 4*r = -16, n = 3*t - r + 2*r. What is the tens digit of t?
1
Suppose -196 = -5*s + 949. Let x(l) = -3*l**2 + 10*l + 41. Let m be x(10). Let z = m + s. What is the units digit of z?
0
Suppose 0 = 5*x + x - 510. Suppose 5*d - x = 20. What is the units digit of (1 - -1) + 0/d?
2
Suppose 335*u = -11*u + 18831050. What is the hundreds digit of u?
4
Suppose 10582 = 6*b + 5*b. Suppose 8*m - 7370 + b = 0. What is the hundreds digit of m?
8
Let c = 514 - 806. Let a be (-3)/(-2)*c/6. Let p = -10 - a. What is the tens digit of p?
6
Let u(s) be the third derivative of -s**6/120 + s**5/10 + s**4/12 + 8*s**2. Let b be u(-3). Suppose 4*z - 391 = -b. What is the units digit of z?
9
Let c be (-2)/(-6) + 178186/159. Suppose -c = -18*n + 12901. What is the tens digit of n?
7
Suppose 11*o + 4*c = 10*o + 1524, -3*c = 0. Suppose -6*w + o + 7134 = 0. What is the thousands digit of w?
1
Let b(z) = 144*z**2 - 10*z + 16. Let v be 6/3*(0 + (-7)/(-7)). What is the tens digit of b(v)?
7
Suppose -17*b + 74 = -15*b. Suppose b*j = 42*j - 2840. Suppose 8*k - 880 = j. What is the units digit of k?
1
Let g = -392 - -396. Suppose 4*m + g = 0, 2*u = 9*m - 10*m + 483. What is the tens digit of u?
4
Let x(p) = p**2 + 17. Let k be x(10). Suppose 4*l + 149 = k. What is the units digit of 12 + l - (23*-6 + 3)?
9
Suppose 7 + 0 = 7*r. Let g be -30*(-10)/75*(-6)/r. What is the tens digit of (-1096)/(-10) + (g/(-10) - 2)?
1
Let v(q) = -8 - 216*q + 226*q - 7 - q**2. Let g be v(6). Suppose -5*d + 193 = 3*s, -51 = -s - g*d + 4*d. What is the units digit of s?
1
Let p = -110 - -24. Let k = p - -88. Suppose -k*h - 86 + 260 = 0. What is the tens digit of h?
8
Let q = -56 + 61. Suppose q*j = -2*l + 3*l + 17, l = -5*j + 23. Suppose 4*y = j*f - 93 - 35, 4*y = f - 23. What is the tens digit of f?
3
Suppose 3*j + 4*m = 7*m - 168, -3*j + 2*m - 165 = 0. Let c = j + 121. What is the units digit of (-3)/(-6) - c/(-8)?
9
Let h be -2 - (0/(-5) - 22). Suppose 5 = -j, m = -5*j - h - 0. Suppose 0 = -m*n + 573 - 68. What is the hundreds digit of n?
1
Suppose 512 = -5*f - 14*a + 11*a, 220 = -2*f - 5*a. What is the hundreds digit of (-1 + -185)*f/75?
2
Suppose -3*y - 3*g - 7 = 2, -2*y = -5*g + 13. Let t(m) = m. Let s(o) = 20*o - 19. Let j(x) = y*t(x) - s(x). What is the units digit of j(-7)?
7
Let z = 946 + -946. Suppose -4 - 2 = -2*x + d, 5*d = 0. Suppose 4*g - x*f - 642 = 0, -3*g = -z*g - f - 479. What is the tens digit of g?
5
Let c be -6 + (-5 - -2) + 7. What is the units digit of 70119/81 + c/(-6)?
6
Let h(r) = -r**2 + 6*r - 11. Let j be h(2). What is the tens digit of 1120/3 - (10/j)/5?
7
Suppose -4*f - 89 = -113. Let l(i) = -27*i**3 - i - 1. Let g be l(-1). Suppose f*q = g + 51. What is the units digit of q?
3
Let s(k) be the second derivative of 0 - 11*k - 2*k**3 + 7/2*k**2. What is the tens digit of s(-6)?
7
Suppose -x = -5*l - 24501, 23*x - 24437 = 22*x - 3*l. What is the units digit of x?
1
Let p = -555 - -1005. Suppose -p = -207*c + 206*c. What is the hundreds digit of c?
4
Let d = -2161 - -16935. What is the hundreds digit of d?
7
What is the hundreds digit of ((-4)/(-8))/(13 - (-38541675)/(-2964746))?
4
Let z(n) be the second derivative of n**4/12 + 8*n**3/3 + 5*n**2 - 27*n. Let b be z(-16). Suppose -6*j - 320 = -b*j. What is the units digit of j?
0
Let y = 5 + -51. Let w = 160 + y. What is the hundreds digit of w?
1
Let s = 737 + -1126. Let p = -171 - s. What is the hundreds digit of p?
2
Let h = 1614 + -2399. Let i = 1160 + h. What is the tens digit of i?
7
Let z = 41 - -102. Suppose 3997 + z = 6*i. What is the units digit of i?
0
Suppose 3636 = 4*q - 4*x, -296*q - 3*x = -298*q + 1819. What is the units digit of q?
8
Let a = 15000 + 17987. What is the units digit of a?
7
Let w = 11666 + 4370. What is the hundreds digit of 6/(-14) - w/(-14)?
1
Suppose 2*z - h = 9, 5*h + 32 = 4*z - 1. Suppose -b + 123 = 4*q, -4*b = -z*q - 205 - 359. What is the tens digit of b?
3
Let p(d) = 10*d**3 - 4*d**2 - 14*d - 62. Let l be p(16). Suppose -12*r = 14*r - l. What is the hundreds digit of r?
5
Let d = 5483 - 3223. What is the hundreds digit of d?
2
What is the ten thousands digit of (-17)/357*0 - -27600?
2
Let b(m) = 35*m - 280. Let v be b(8). Let p be (-8)/(-5) - (-2)/5. What is the units digit of (9/2 - v) + 1/p?
5
Suppose 31*h - 37*h + 72 = 0. Suppose 0 = -h*p + 3719 + 4717. What is the hundreds digit of p?
7
Suppose -4*a - u + 29738 + 25404 = 0, 0 = 2*a + 5*u - 27562. What is the units digit of a?
6
Let k = 30 - 27. Suppose -5*h + 25 = 4*d - 3, 0 = h - k*d + 2. Suppose 5*x = -2*p + x + 12, -4*p + 84 = -h*x. What is the tens digit of p?
1
Let l(x) = -11*x - 16. Let n(i) = 2*i**3 - 7*i**2 - 5*i - 7. Let c be n(4). Let a(b) = 33*b + 47. Let g(p) = c*l(p) - 4*a(p). What is the units digit of g(-13)?
1
Let f = -2915 - -3173. What is the hundreds digit of f?
2
Let s(l) be the third derivative of 1/60*l**5 - 11/24*l**4 + 0*l + 23/6*l**3 + 0 - 26*l**2. What is the tens digit of s(12)?
3
Let c(f) = -f**3 + 2*f**2 + f. Let n(r) = 5*r**3 - 6*r**2 - 18*r + 14. Let j(v) = -6*c(v) - n(v). What is the units digit of j(10)?
6
Let k(n) = -28*n**2 + 1. Let v be k(1). Suppose -2*q + 67 = -s, -8*s - 131 = -4*q - 3*s. Let y = v + q. What is the units digit of y?
7
Suppose -y + 3*l + 9 = -4*y, -3*y - 10 = 4*l. Let o = 3 - y. Let z(s) = 6*s - 20. What is the units digit of z(o)?
0
Let n = -15 + 30. Suppose 3*u - n = -2*u, 22 = 4*m + 2*u. Suppose -274 = -6*j + m*j. What is the tens digit of j?
3
Let n(d) = 350*d - 1226. What is the units digit of n(112)?
4
Suppose -3*z - 11*c = -15*c - 179637, -4*z + 3*c = -239537. What is the units digit of z?
1
Let s = 5397 + -3646. What is the thousands digit of s?
1
Let s(f) = 3738*f + 4. What is the hundreds digit of s(1)?
7
Let d = -23234 - -39443. What is the units digit of d?
9
Suppose -1 = -2*y + 5*t + 1, 3*y - 25 = 2*t. Suppose -5 - 6 = y*m. What is the units digit of 73 - m/(-4)*4?
2
Let r(y) be the second derivative of y**5/20 - y**4 + 7*y**3/6 - 4*y**2 - y + 4. Let t = 10 - -2. What is the tens digit of r(t)?
7
Suppose 4*w = -50 + 50. Suppose -2*k + 2*d + 812 + 1014 = w, -1851 = -2*k - 3*d. What is the tens digit of k?
1
Let p = 3169 - 689. What is the units digit of p?
0
Suppose -3*l + 2729 - 911 = 0. What is the hundreds digit of l - ((-4)/(-12))/((-4)/(-48))?
6
Let l(o) be the third derivative of 2*o**4/3 + 11*o**3/3 - o**2 - 34*o. What is the units digit of l(19)?
6
Let j(w) = w**3 + 16*w**2 + 33. Let q be j(-8). Let h = 790 - q. What is the units digit of h?
5
Let r(y) = -y**3 + 11*y**2 - 21*y + 31. Let j be r(9). What is the units digit of (-8 + j)*-29 - 1?
5
Let s(z) = -13*z + 172. Let d be s(-26). Suppose d + 2646 = 4*r. What is the hundreds digit of r?
7
Let k be 18*3*(-3)/6. Let n(i) = -i**3 - 6*i**2 + 8*i - 7. Let z be n(-7). Let s = z - k. What is the units digit of s?
3
Let g = 810 + -831. What is the hundreds digit of g/6*60632/(-154)?
3
Suppose -p + 2 = 7. Let n be ((-3)/(2 - 5))/(-1)*p. Let m(v) = v**3 - 2*v**2 + 5*v + 8. What is the tens digit of m(n)?
0
Let s(p) = -56*p**2 + 14*p - 13. Let o be s(1). What is the units digit of (-2)/10 + (-19371)/o?
2
Let j(h) = 38*h**3 - h**2 - 4*h + 4. Let r = 151 + -150. What is the units digit of j(r)?
7
Let p = -1275 - -2071. Suppose -12*q = -p - 704. What is the hundreds digit of q?
1
What is the thousands digit of (19935/(-21) - 1)*1323/(-126)?
9
Let r = -30 - -34. Suppose 0 = r*p + 36 - 12. What is the hundreds digit of ((-3198)/(-21) - p/(-21)) + -3?
1
Suppose 18000 = 78*z - 73*z. Suppose -13*i + 13844 - z = 0. What is the tens digit of i?
8
Let a = 41 - 35. Suppose -2*z - z + k = -a, 5*k = 3*z - 6. Suppose -z*y + 2*p + 344 = 0, 4*y + 0*y - 2*p = 696. What is the hundreds digit of y?
1
Let v = 310 - 312. What is the tens digit of (199/v)/((-9)/216*2)?
9
Let l = 45 + -45. Let k = l + -2. What is the tens digit of 1/2 + k/((-8)/258)?
6
Let w(f) = -f**3 + 12*f**2 + 29*f - 13. Let o be w(14). Let r(m) = 72*m**2 - 2*m + 2. What is the units digit of r(o)?
2
Let t = -499 - -1671. Suppose -21*a + t = -2650. What is the hundreds digit of a?
1
Suppose